{"id":18077,"date":"2020-01-10T14:35:55","date_gmt":"2020-01-10T13:35:55","guid":{"rendered":"https:\/\/yoga-cubano.de\/?page_id=18077"},"modified":"2023-01-17T09:13:49","modified_gmt":"2023-01-17T08:13:49","slug":"alojamiento","status":"publish","type":"page","link":"https:\/\/yoga-cubano.de\/es\/alojamiento\/","title":{"rendered":"ALOJAMIENTO"},"content":{"rendered":"<div class=\"vgblk-rw-wrapper limit-wrapper\">\n\n\t<p>Jainet y su familia&#8230;<\/p>\n<p>&#8230; est\u00e1n dirigiendo una Casa Particular en Vi\u00f1ales durante varios a\u00f1os, donde nosotros mismos hemos sido hu\u00e9spedes a menudo. Las habitaciones son nuevas, limpias, c\u00f3modas y sencillas. En cada habitaci\u00f3n encontrar\u00e1s un ba\u00f1o privado con agua caliente, nevera, aire acondicionado, una caja fuerte y camas c\u00f3modas.<\/p>\n<p>Las comidas se toman en el patio o en la terraza con la incre\u00edble vista al valle. Los productos cubanos se preparan frescos diariamente. La ubicaci\u00f3n central permite el acceso a todas las posibilidades de excursiones en los alrededores.<\/p>\n<p>No te puedes perder la fiesta del pueblo, la cual se lleva a cabo todos los s\u00e1bados, en la que los vecinos de todas las edades y los turistas se re\u00fanen en un ambiente agradable en la plaza. D\u00e9jate llevar tambi\u00e9n.<\/p>\n\t\t\t\t\t\t\t<img decoding=\"async\" loading=\"lazy\" src=\"https:\/\/yoga-cubano.de\/wp-content\/uploads\/DSC_2606.jpg\" alt=\"Juana y Jainet\" itemprop=\"image\" height=\"2848\" width=\"4288\" onerror=\"this.style.display='none'\"  sizes=\"(max-width: 768px) 100vw, 100vw\" srcset=\"https:\/\/yoga-cubano.de\/wp-content\/uploads\/DSC_2606.jpg 4288w, https:\/\/yoga-cubano.de\/wp-content\/uploads\/DSC_2606-300x199.jpg 300w, https:\/\/yoga-cubano.de\/wp-content\/uploads\/DSC_2606-768x510.jpg 768w, https:\/\/yoga-cubano.de\/wp-content\/uploads\/DSC_2606-1024x680.jpg 1024w, https:\/\/yoga-cubano.de\/wp-content\/uploads\/DSC_2606-1260x837.jpg 1260w, https:\/\/yoga-cubano.de\/wp-content\/uploads\/DSC_2606-630x418.jpg 630w, https:\/\/yoga-cubano.de\/wp-content\/uploads\/DSC_2606-420x279.jpg 420w, https:\/\/yoga-cubano.de\/wp-content\/uploads\/DSC_2606-840x558.jpg 840w, https:\/\/yoga-cubano.de\/wp-content\/uploads\/DSC_2606-315x209.jpg 315w\" \/>\t\t\t\t\t\t\t\n\t\t\t\t\t\t\t<img decoding=\"async\" loading=\"lazy\" src=\"https:\/\/yoga-cubano.de\/wp-content\/uploads\/2-1.jpg\" alt=\"Yoga Retreat auf Kuba\" itemprop=\"image\" height=\"1536\" width=\"2048\" onerror=\"this.style.display='none'\"  sizes=\"(max-width: 768px) 100vw, 100vw\" srcset=\"https:\/\/yoga-cubano.de\/wp-content\/uploads\/2-1.jpg 2048w, https:\/\/yoga-cubano.de\/wp-content\/uploads\/2-1-300x225.jpg 300w, https:\/\/yoga-cubano.de\/wp-content\/uploads\/2-1-768x576.jpg 768w, https:\/\/yoga-cubano.de\/wp-content\/uploads\/2-1-1024x768.jpg 1024w, https:\/\/yoga-cubano.de\/wp-content\/uploads\/2-1-1260x945.jpg 1260w, https:\/\/yoga-cubano.de\/wp-content\/uploads\/2-1-630x473.jpg 630w, https:\/\/yoga-cubano.de\/wp-content\/uploads\/2-1-420x315.jpg 420w, https:\/\/yoga-cubano.de\/wp-content\/uploads\/2-1-840x630.jpg 840w, https:\/\/yoga-cubano.de\/wp-content\/uploads\/2-1-315x236.jpg 315w\" \/>\t\t\t\t\t\t\t\n\t\t\t\t\t\t\t<img decoding=\"async\" loading=\"lazy\" src=\"https:\/\/yoga-cubano.de\/wp-content\/uploads\/4W50620-1.jpg\" alt=\"Dachtereasse mit Blick \u00fcber das Vinales Tal\" itemprop=\"image\" height=\"1921\" width=\"2900\" title=\"Unterkunft Dachterasse\" onerror=\"this.style.display='none'\"  sizes=\"(max-width: 768px) 100vw, 100vw\" srcset=\"https:\/\/yoga-cubano.de\/wp-content\/uploads\/4W50620-1.jpg 2900w, https:\/\/yoga-cubano.de\/wp-content\/uploads\/4W50620-1-300x199.jpg 300w, https:\/\/yoga-cubano.de\/wp-content\/uploads\/4W50620-1-768x509.jpg 768w, https:\/\/yoga-cubano.de\/wp-content\/uploads\/4W50620-1-1024x678.jpg 1024w, https:\/\/yoga-cubano.de\/wp-content\/uploads\/4W50620-1-1260x835.jpg 1260w, https:\/\/yoga-cubano.de\/wp-content\/uploads\/4W50620-1-630x417.jpg 630w, https:\/\/yoga-cubano.de\/wp-content\/uploads\/4W50620-1-420x278.jpg 420w, https:\/\/yoga-cubano.de\/wp-content\/uploads\/4W50620-1-840x556.jpg 840w, https:\/\/yoga-cubano.de\/wp-content\/uploads\/4W50620-1-315x209.jpg 315w\" \/>\t\t\t\t\t\t\t\n\t\t\t\t\t\t\t<img decoding=\"async\" loading=\"lazy\" src=\"https:\/\/yoga-cubano.de\/wp-content\/uploads\/4W50627-1.jpg\" alt=\"Doppelzimmer in der Unterkunft in Vinales\" itemprop=\"image\" height=\"1921\" width=\"2900\" onerror=\"this.style.display='none'\"  sizes=\"(max-width: 768px) 100vw, 100vw\" srcset=\"https:\/\/yoga-cubano.de\/wp-content\/uploads\/4W50627-1.jpg 2900w, https:\/\/yoga-cubano.de\/wp-content\/uploads\/4W50627-1-300x199.jpg 300w, https:\/\/yoga-cubano.de\/wp-content\/uploads\/4W50627-1-768x509.jpg 768w, https:\/\/yoga-cubano.de\/wp-content\/uploads\/4W50627-1-1024x678.jpg 1024w, https:\/\/yoga-cubano.de\/wp-content\/uploads\/4W50627-1-1260x835.jpg 1260w, https:\/\/yoga-cubano.de\/wp-content\/uploads\/4W50627-1-630x417.jpg 630w, https:\/\/yoga-cubano.de\/wp-content\/uploads\/4W50627-1-420x278.jpg 420w, https:\/\/yoga-cubano.de\/wp-content\/uploads\/4W50627-1-840x556.jpg 840w, https:\/\/yoga-cubano.de\/wp-content\/uploads\/4W50627-1-315x209.jpg 315w\" \/>\t\t\t\t\t\t\t\n\t\t\t\t\t\t\t<img decoding=\"async\" loading=\"lazy\" src=\"https:\/\/yoga-cubano.de\/wp-content\/uploads\/DSC08331.jpg\" alt=\"Hier kann man entspannt den Tag Ausklingen lassen.\" itemprop=\"image\" height=\"2624\" width=\"3936\" onerror=\"this.style.display='none'\"  sizes=\"(max-width: 768px) 100vw, 100vw\" srcset=\"https:\/\/yoga-cubano.de\/wp-content\/uploads\/DSC08331.jpg 3936w, https:\/\/yoga-cubano.de\/wp-content\/uploads\/DSC08331-300x200.jpg 300w, https:\/\/yoga-cubano.de\/wp-content\/uploads\/DSC08331-768x512.jpg 768w, https:\/\/yoga-cubano.de\/wp-content\/uploads\/DSC08331-1024x683.jpg 1024w, https:\/\/yoga-cubano.de\/wp-content\/uploads\/DSC08331-1260x840.jpg 1260w, https:\/\/yoga-cubano.de\/wp-content\/uploads\/DSC08331-630x420.jpg 630w, https:\/\/yoga-cubano.de\/wp-content\/uploads\/DSC08331-420x280.jpg 420w, https:\/\/yoga-cubano.de\/wp-content\/uploads\/DSC08331-840x560.jpg 840w, https:\/\/yoga-cubano.de\/wp-content\/uploads\/DSC08331-315x210.jpg 315w\" \/>\t\t\t\t\t\t\t\n\t\t\t\t\t\t\t<img decoding=\"async\" loading=\"lazy\" src=\"https:\/\/yoga-cubano.de\/wp-content\/uploads\/DSC_2401.jpg\" alt=\"Yoga retreat in Vinales auf Kube. Relaxen auf dem Dach der Unterkunft mit Blick auf das Tal von Vinales auf Kuba.\" itemprop=\"image\" height=\"2848\" width=\"4288\" title=\"Entspannen auf dem dach der Unterkunft\" onerror=\"this.style.display='none'\"  sizes=\"(max-width: 768px) 100vw, 100vw\" srcset=\"https:\/\/yoga-cubano.de\/wp-content\/uploads\/DSC_2401.jpg 4288w, https:\/\/yoga-cubano.de\/wp-content\/uploads\/DSC_2401-300x199.jpg 300w, https:\/\/yoga-cubano.de\/wp-content\/uploads\/DSC_2401-768x510.jpg 768w, https:\/\/yoga-cubano.de\/wp-content\/uploads\/DSC_2401-1024x680.jpg 1024w, https:\/\/yoga-cubano.de\/wp-content\/uploads\/DSC_2401-1260x837.jpg 1260w, https:\/\/yoga-cubano.de\/wp-content\/uploads\/DSC_2401-630x418.jpg 630w, https:\/\/yoga-cubano.de\/wp-content\/uploads\/DSC_2401-420x279.jpg 420w, https:\/\/yoga-cubano.de\/wp-content\/uploads\/DSC_2401-840x558.jpg 840w, https:\/\/yoga-cubano.de\/wp-content\/uploads\/DSC_2401-315x209.jpg 315w\" \/>\t\t\t\t\t\t\t\n\t\t<h3>Para asegurarte de que no te falta nada, \u00a1revisa nuestra lista de viaje!<\/h3>\n\t<a href=\"https:\/\/yoga-cubano.de\/es\/lista-de-viaje\/\" target=\"_self\" role=\"button\" rel=\"noopener\">\n\t\t\t\t\tLista de viaje\n\t<\/a>\n\n\n<\/div><!-- .vgblk-rw-wrapper -->","protected":false},"excerpt":{"rendered":"<p>Jainet y su familia&#8230; &#8230; est\u00e1n dirigiendo una Casa Particular en Vi\u00f1ales durante varios a\u00f1os, donde nosotros mismos hemos sido hu\u00e9spedes a menudo. Las habitaciones son nuevas, limpias, c\u00f3modas y sencillas. En cada habitaci\u00f3n encontrar\u00e1s un ba\u00f1o privado con agua caliente, nevera, aire acondicionado, una caja fuerte y camas c\u00f3modas. Las comidas se toman en&#8230;<\/p>\n","protected":false},"author":2,"featured_media":0,"parent":0,"menu_order":0,"comment_status":"closed","ping_status":"closed","template":"","meta":{"_exactmetrics_skip_tracking":false,"_exactmetrics_sitenote_active":false,"_exactmetrics_sitenote_note":"","_exactmetrics_sitenote_category":0,"footnotes":""},"aioseo_notices":[],"_links":{"self":[{"href":"https:\/\/yoga-cubano.de\/es\/wp-json\/wp\/v2\/pages\/18077"}],"collection":[{"href":"https:\/\/yoga-cubano.de\/es\/wp-json\/wp\/v2\/pages"}],"about":[{"href":"https:\/\/yoga-cubano.de\/es\/wp-json\/wp\/v2\/types\/page"}],"author":[{"embeddable":true,"href":"https:\/\/yoga-cubano.de\/es\/wp-json\/wp\/v2\/users\/2"}],"replies":[{"embeddable":true,"href":"https:\/\/yoga-cubano.de\/es\/wp-json\/wp\/v2\/comments?post=18077"}],"version-history":[{"count":15,"href":"https:\/\/yoga-cubano.de\/es\/wp-json\/wp\/v2\/pages\/18077\/revisions"}],"predecessor-version":[{"id":18589,"href":"https:\/\/yoga-cubano.de\/es\/wp-json\/wp\/v2\/pages\/18077\/revisions\/18589"}],"wp:attachment":[{"href":"https:\/\/yoga-cubano.de\/es\/wp-json\/wp\/v2\/media?parent=18077"}],"curies":[{"name":"wp","href":"https:\/\/api.w.org\/{rel}","templated":true}]}}

<div class="vgblk-rw-wrapper limit-wrapper">

	<p>Jainet y su familia&#8230;</p>
<p>&#8230; están dirigiendo una Casa Particular en Viñales durante varios años, donde nosotros mismos hemos sido huéspedes a menudo. Las habitaciones son nuevas, limpias, cómodas y sencillas. En cada habitación encontrarás un baño privado con agua caliente, nevera, aire acondicionado, una caja fuerte y camas cómodas.</p>
<p>Las comidas se toman en el patio o en la terraza con la increíble vista al valle. Los productos cubanos se preparan frescos diariamente. La ubicación central permite el acceso a todas las posibilidades de excursiones en los alrededores.</p>
<p>No te puedes perder la fiesta del pueblo, la cual se lleva a cabo todos los sábados, en la que los vecinos de todas las edades y los turistas se reúnen en un ambiente agradable en la plaza. Déjate llevar también.</p>
							<img decoding="async" loading="lazy" src="https://yoga-cubano.de/wp-content/uploads/DSC_2606.jpg" alt="Juana y Jainet" itemprop="image" height="2848" width="4288" onerror="this.style.display='none'"  sizes="(max-width: 768px) 100vw, 100vw" srcset="https://yoga-cubano.de/wp-content/uploads/DSC_2606.jpg 4288w, https://yoga-cubano.de/wp-content/uploads/DSC_2606-300x199.jpg 300w, https://yoga-cubano.de/wp-content/uploads/DSC_2606-768x510.jpg 768w, https://yoga-cubano.de/wp-content/uploads/DSC_2606-1024x680.jpg 1024w, https://yoga-cubano.de/wp-content/uploads/DSC_2606-1260x837.jpg 1260w, https://yoga-cubano.de/wp-content/uploads/DSC_2606-630x418.jpg 630w, https://yoga-cubano.de/wp-content/uploads/DSC_2606-420x279.jpg 420w, https://yoga-cubano.de/wp-content/uploads/DSC_2606-840x558.jpg 840w, https://yoga-cubano.de/wp-content/uploads/DSC_2606-315x209.jpg 315w" />							
							<img decoding="async" loading="lazy" src="https://yoga-cubano.de/wp-content/uploads/2-1.jpg" alt="Yoga Retreat auf Kuba" itemprop="image" height="1536" width="2048" onerror="this.style.display='none'"  sizes="(max-width: 768px) 100vw, 100vw" srcset="https://yoga-cubano.de/wp-content/uploads/2-1.jpg 2048w, https://yoga-cubano.de/wp-content/uploads/2-1-300x225.jpg 300w, https://yoga-cubano.de/wp-content/uploads/2-1-768x576.jpg 768w, https://yoga-cubano.de/wp-content/uploads/2-1-1024x768.jpg 1024w, https://yoga-cubano.de/wp-content/uploads/2-1-1260x945.jpg 1260w, https://yoga-cubano.de/wp-content/uploads/2-1-630x473.jpg 630w, https://yoga-cubano.de/wp-content/uploads/2-1-420x315.jpg 420w, https://yoga-cubano.de/wp-content/uploads/2-1-840x630.jpg 840w, https://yoga-cubano.de/wp-content/uploads/2-1-315x236.jpg 315w" />							
							<img decoding="async" loading="lazy" src="https://yoga-cubano.de/wp-content/uploads/4W50620-1.jpg" alt="Dachtereasse mit Blick über das Vinales Tal" itemprop="image" height="1921" width="2900" title="Unterkunft Dachterasse" onerror="this.style.display='none'"  sizes="(max-width: 768px) 100vw, 100vw" srcset="https://yoga-cubano.de/wp-content/uploads/4W50620-1.jpg 2900w, https://yoga-cubano.de/wp-content/uploads/4W50620-1-300x199.jpg 300w, https://yoga-cubano.de/wp-content/uploads/4W50620-1-768x509.jpg 768w, https://yoga-cubano.de/wp-content/uploads/4W50620-1-1024x678.jpg 1024w, https://yoga-cubano.de/wp-content/uploads/4W50620-1-1260x835.jpg 1260w, https://yoga-cubano.de/wp-content/uploads/4W50620-1-630x417.jpg 630w, https://yoga-cubano.de/wp-content/uploads/4W50620-1-420x278.jpg 420w, https://yoga-cubano.de/wp-content/uploads/4W50620-1-840x556.jpg 840w, https://yoga-cubano.de/wp-content/uploads/4W50620-1-315x209.jpg 315w" />							
							<img decoding="async" loading="lazy" src="https://yoga-cubano.de/wp-content/uploads/4W50627-1.jpg" alt="Doppelzimmer in der Unterkunft in Vinales" itemprop="image" height="1921" width="2900" onerror="this.style.display='none'"  sizes="(max-width: 768px) 100vw, 100vw" srcset="https://yoga-cubano.de/wp-content/uploads/4W50627-1.jpg 2900w, https://yoga-cubano.de/wp-content/uploads/4W50627-1-300x199.jpg 300w, https://yoga-cubano.de/wp-content/uploads/4W50627-1-768x509.jpg 768w, https://yoga-cubano.de/wp-content/uploads/4W50627-1-1024x678.jpg 1024w, https://yoga-cubano.de/wp-content/uploads/4W50627-1-1260x835.jpg 1260w, https://yoga-cubano.de/wp-content/uploads/4W50627-1-630x417.jpg 630w, https://yoga-cubano.de/wp-content/uploads/4W50627-1-420x278.jpg 420w, https://yoga-cubano.de/wp-content/uploads/4W50627-1-840x556.jpg 840w, https://yoga-cubano.de/wp-content/uploads/4W50627-1-315x209.jpg 315w" />							
							<img decoding="async" loading="lazy" src="https://yoga-cubano.de/wp-content/uploads/DSC08331.jpg" alt="Hier kann man entspannt den Tag Ausklingen lassen." itemprop="image" height="2624" width="3936" onerror="this.style.display='none'"  sizes="(max-width: 768px) 100vw, 100vw" srcset="https://yoga-cubano.de/wp-content/uploads/DSC08331.jpg 3936w, https://yoga-cubano.de/wp-content/uploads/DSC08331-300x200.jpg 300w, https://yoga-cubano.de/wp-content/uploads/DSC08331-768x512.jpg 768w, https://yoga-cubano.de/wp-content/uploads/DSC08331-1024x683.jpg 1024w, https://yoga-cubano.de/wp-content/uploads/DSC08331-1260x840.jpg 1260w, https://yoga-cubano.de/wp-content/uploads/DSC08331-630x420.jpg 630w, https://yoga-cubano.de/wp-content/uploads/DSC08331-420x280.jpg 420w, https://yoga-cubano.de/wp-content/uploads/DSC08331-840x560.jpg 840w, https://yoga-cubano.de/wp-content/uploads/DSC08331-315x210.jpg 315w" />							
							<img decoding="async" loading="lazy" src="https://yoga-cubano.de/wp-content/uploads/DSC_2401.jpg" alt="Yoga retreat in Vinales auf Kube. Relaxen auf dem Dach der Unterkunft mit Blick auf das Tal von Vinales auf Kuba." itemprop="image" height="2848" width="4288" title="Entspannen auf dem dach der Unterkunft" onerror="this.style.display='none'"  sizes="(max-width: 768px) 100vw, 100vw" srcset="https://yoga-cubano.de/wp-content/uploads/DSC_2401.jpg 4288w, https://yoga-cubano.de/wp-content/uploads/DSC_2401-300x199.jpg 300w, https://yoga-cubano.de/wp-content/uploads/DSC_2401-768x510.jpg 768w, https://yoga-cubano.de/wp-content/uploads/DSC_2401-1024x680.jpg 1024w, https://yoga-cubano.de/wp-content/uploads/DSC_2401-1260x837.jpg 1260w, https://yoga-cubano.de/wp-content/uploads/DSC_2401-630x418.jpg 630w, https://yoga-cubano.de/wp-content/uploads/DSC_2401-420x279.jpg 420w, https://yoga-cubano.de/wp-content/uploads/DSC_2401-840x558.jpg 840w, https://yoga-cubano.de/wp-content/uploads/DSC_2401-315x209.jpg 315w" />							
		<h3>Para asegurarte de que no te falta nada, ¡revisa nuestra lista de viaje!</h3>
	<a href="https://yoga-cubano.de/es/lista-de-viaje/" target="_self" role="button" rel="noopener">
					Lista de viaje
	</a>


</div><!-- .vgblk-rw-wrapper -->

<p>Jainet y su familia&#8230; &#8230; están dirigiendo una Casa Particular en Viñales durante varios años, donde nosotros mismos hemos sido huéspedes a menudo. Las habitaciones son nuevas, limpias, cómodas y sencillas. En cada habitación encontrarás un baño privado con agua caliente, nevera, aire acondicionado, una caja fuerte y camas cómodas. Las comidas se toman en&#8230;</p>
