{"id":17720,"date":"2017-11-20T21:28:42","date_gmt":"2017-11-20T21:28:42","guid":{"rendered":"https:\/\/yoga-cubano.de\/single-paket\/"},"modified":"2023-01-05T09:43:16","modified_gmt":"2023-01-05T08:43:16","slug":"single-paket","status":"publish","type":"page","link":"https:\/\/yoga-cubano.de\/es\/single-paket\/","title":{"rendered":"SINGLE PAQUET"},"content":{"rendered":"<div class=\"vgblk-rw-wrapper limit-wrapper\">\n\n\t<h2>El Retiro<\/h2>\n<p>Para tu tiempo libre te ofrecemos una habitaci\u00f3n confortable con ducha y agua caliente, aseo, caja fuerte y aire acondicionado. Despu\u00e9s de tu dosis diaria de yoga y meditaci\u00f3n en la ma\u00f1ana y en la noche, en las ma\u00f1anas tu paladar ser\u00e1 consentido con un desayunos balanceados y ricos, para la cenas disfrutar\u00e1s de las delicias cubanas. Para darte la oportunidad de relajaci\u00f3n y disfrutar el Caribe en su verdadera plenitud, te llevamos a Cayo Jutias, donde disfrutar\u00e1s el sol, el mar y la playa. \u00bfQue tal un poco m\u00e1s acci\u00f3n? usa el viaje incluido para snorkeling o buceo. Con un costo adicional tambi\u00e9n puedes elegir entre una variedad de excursiones para un d\u00eda: explora el hermoso valle de Vi\u00f1ales, ver c\u00f3mo se fabrica un verdadero cigarro habano entre otros. Juntos encontraremos lo ideal para tus actividades en tu tiempo libre. Adem\u00e1s a trav\u00e9s de nuestros contactos locales usted tendr\u00e1 la oportunidad de conocer Cuba y sus habitantes, lejos de los clich\u00e9s y el turismo masivo.\u00a0 Env\u00edanos tu solicitud, nosotros te esperamos!<\/p>\n<p>&nbsp;<\/p>\n\t<a href=\"https:\/\/yoga-cubano.de\/es\/programa\/\" target=\"_self\" role=\"button\" rel=\"noopener\">\n\t\t\t\t\tPrograma\n\t<\/a>\n\t\t<h3>Tu paquete en un vistazo<\/h3>\n\t\t<ul><li>Retiro de Yoga de 6 d\u00edas<\/li><li>8 sesiones de yoga<\/li><li><a href=\"https:\/\/yoga-cubano.de\/es\/unterkunft\/\">Alojamiento en habitaci\u00f3n individual<\/a><\/li><li>Desayuno y Cena<\/li><li>Excursi\u00f3n a Cayo Jut\u00edas<p>*Precio por persona siempre y cuando la habitaci\u00f3n ser\u00e1 compartido con una persona del mismo sexo; 950\u20ac por el uso exclusivo de la habitaci\u00f3n doble.<\/p><\/li><\/ul>\n\t<a href=\"https:\/\/yoga-cubano.de\/es\/buchung\/\" target=\"_blank\" role=\"button\" rel=\"noopener\">\n\t\t\t\t\tdesde 900*\n\t<\/a>\n\n\t<h2>Informaci\u00f3n breve<\/h2>\n\u2022 N\u00famero m\u00e1ximo de personas por semana: 10<br \/>\n\u2022 N\u00famero m\u00ednimo de personas: 3<br \/>\n\u2022 Yoga para principiantes y avanzados<br \/>\n\u2022 Estilos de yoga: Hatha, Vinyasa\n\t<h3>\u00bfNecesitas ayuda para organizar tu viaje? Con mucho gusto te ayudamos por un costo adicional:<\/h3>\n\u2022 C\u00f3mo obtener su tarjeta Visa\/Cuba<br \/>\n\u2022 Traslado desde el aeropuerto Jos\u00e9 Mart\u00ed Havana a La Habana o Vi\u00f1ales<br \/>\n\u2022 Alojamiento en una Casa particular (habitaciones privadas) en La Habana\n\t\t<h3>\u00bfHas visto ya nuestro v\u00eddeo?<\/h3>\n\t\t<p>Disfruta de 2:11 min. de Cuba en casa.<\/p>\n\t<a href=\"https:\/\/www.youtube.com\/watch?v=VzY4-mhsQ6U&#038;t=\" target=\"_self\" role=\"button\" rel=\"noopener\">\n\t\t\t\t\tVideo\n\t<\/a>\n\n\n<\/div><!-- .vgblk-rw-wrapper -->","protected":false},"excerpt":{"rendered":"<p>El Retiro Para tu tiempo libre te ofrecemos una habitaci\u00f3n confortable con ducha y agua caliente, aseo, caja fuerte y aire acondicionado. Despu\u00e9s de tu dosis diaria de yoga y meditaci\u00f3n en la ma\u00f1ana y en la noche, en las ma\u00f1anas tu paladar ser\u00e1 consentido con un desayunos balanceados y ricos, para la cenas disfrutar\u00e1s&#8230;<\/p>\n","protected":false},"author":1,"featured_media":0,"parent":0,"menu_order":0,"comment_status":"closed","ping_status":"closed","template":"","meta":{"_exactmetrics_skip_tracking":false,"_exactmetrics_sitenote_active":false,"_exactmetrics_sitenote_note":"","_exactmetrics_sitenote_category":0,"footnotes":""},"aioseo_notices":[],"_links":{"self":[{"href":"https:\/\/yoga-cubano.de\/es\/wp-json\/wp\/v2\/pages\/17720"}],"collection":[{"href":"https:\/\/yoga-cubano.de\/es\/wp-json\/wp\/v2\/pages"}],"about":[{"href":"https:\/\/yoga-cubano.de\/es\/wp-json\/wp\/v2\/types\/page"}],"author":[{"embeddable":true,"href":"https:\/\/yoga-cubano.de\/es\/wp-json\/wp\/v2\/users\/1"}],"replies":[{"embeddable":true,"href":"https:\/\/yoga-cubano.de\/es\/wp-json\/wp\/v2\/comments?post=17720"}],"version-history":[{"count":18,"href":"https:\/\/yoga-cubano.de\/es\/wp-json\/wp\/v2\/pages\/17720\/revisions"}],"predecessor-version":[{"id":18509,"href":"https:\/\/yoga-cubano.de\/es\/wp-json\/wp\/v2\/pages\/17720\/revisions\/18509"}],"wp:attachment":[{"href":"https:\/\/yoga-cubano.de\/es\/wp-json\/wp\/v2\/media?parent=17720"}],"curies":[{"name":"wp","href":"https:\/\/api.w.org\/{rel}","templated":true}]}}

<div class="vgblk-rw-wrapper limit-wrapper">

	<h2>El Retiro</h2>
<p>Para tu tiempo libre te ofrecemos una habitación confortable con ducha y agua caliente, aseo, caja fuerte y aire acondicionado. Después de tu dosis diaria de yoga y meditación en la mañana y en la noche, en las mañanas tu paladar será consentido con un desayunos balanceados y ricos, para la cenas disfrutarás de las delicias cubanas. Para darte la oportunidad de relajación y disfrutar el Caribe en su verdadera plenitud, te llevamos a Cayo Jutias, donde disfrutarás el sol, el mar y la playa. ¿Que tal un poco más acción? usa el viaje incluido para snorkeling o buceo. Con un costo adicional también puedes elegir entre una variedad de excursiones para un día: explora el hermoso valle de Viñales, ver cómo se fabrica un verdadero cigarro habano entre otros. Juntos encontraremos lo ideal para tus actividades en tu tiempo libre. Además a través de nuestros contactos locales usted tendrá la oportunidad de conocer Cuba y sus habitantes, lejos de los clichés y el turismo masivo.  Envíanos tu solicitud, nosotros te esperamos!</p>
<p>&nbsp;</p>
	<a href="https://yoga-cubano.de/es/programa/" target="_self" role="button" rel="noopener">
					Programa
	</a>
		<h3>Tu paquete en un vistazo</h3>
		<ul><li>Retiro de Yoga de 6 días</li><li>8 sesiones de yoga</li><li><a href="https://yoga-cubano.de/es/unterkunft/">Alojamiento en habitación individual</a></li><li>Desayuno y Cena</li><li>Excursión a Cayo Jutías<p>*Precio por persona siempre y cuando la habitación será compartido con una persona del mismo sexo; 950€ por el uso exclusivo de la habitación doble.</p></li></ul>
	<a href="https://yoga-cubano.de/es/buchung/" target="_blank" role="button" rel="noopener">
					desde 900*
	</a>

	<h2>Información breve</h2>
• Número máximo de personas por semana: 10<br />
• Número mínimo de personas: 3<br />
• Yoga para principiantes y avanzados<br />
• Estilos de yoga: Hatha, Vinyasa
	<h3>¿Necesitas ayuda para organizar tu viaje? Con mucho gusto te ayudamos por un costo adicional:</h3>
• Cómo obtener su tarjeta Visa/Cuba<br />
• Traslado desde el aeropuerto José Martí Havana a La Habana o Viñales<br />
• Alojamiento en una Casa particular (habitaciones privadas) en La Habana
		<h3>¿Has visto ya nuestro vídeo?</h3>
		<p>Disfruta de 2:11 min. de Cuba en casa.</p>
	<a href="https://www.youtube.com/watch?v=VzY4-mhsQ6U&#038;t=" target="_self" role="button" rel="noopener">
					Video
	</a>


</div><!-- .vgblk-rw-wrapper -->

<p>El Retiro Para tu tiempo libre te ofrecemos una habitación confortable con ducha y agua caliente, aseo, caja fuerte y aire acondicionado. Después de tu dosis diaria de yoga y meditación en la mañana y en la noche, en las mañanas tu paladar será consentido con un desayunos balanceados y ricos, para la cenas disfrutarás&#8230;</p>
